{"id":74,"date":"2026-04-18T11:44:08","date_gmt":"2026-04-18T09:44:08","guid":{"rendered":"http:\/\/ooe.hansadam.at\/?page_id=74"},"modified":"2026-04-18T11:45:53","modified_gmt":"2026-04-18T09:45:53","slug":"vcl-oberoesterreich","status":"publish","type":"page","link":"http:\/\/ooe.hansadam.at\/index.php\/vcl-oberoesterreich\/","title":{"rendered":"VCL- Informationen &#038; Beitritt"},"content":{"rendered":"<div class=\"wp-block-image\">\n<figure class=\"aligncenter size-large\"><img decoding=\"async\" src=\"https:\/\/ooe.oepu.at\/images\/bilder\/VCL_O_NEU_klein.jpg\" alt=\"\"\/><\/figure>\n<\/div>\n\n\n<p><strong>Vorstand:<\/strong><\/p>\n\n\n\n<figure class=\"wp-block-table is-style-stripes\"><table class=\"has-fixed-layout\"><tbody><tr><td class=\"has-text-align-left\" data-align=\"left\">Obmann:<\/td><td class=\"has-text-align-left\" data-align=\"left\">Mag. Dr. Bernd Langensteiner, MEd&nbsp;(Bildungsdirektion O\u00d6)<\/td><\/tr><tr><td class=\"has-text-align-left\" data-align=\"left\">Stellvertreter:<\/td><td class=\"has-text-align-left\" data-align=\"left\">Mag. Markus Leitner (BG\/BRG Ried)Mag. Claudia Gaigg&nbsp;(HLA f\u00fcr Mode Ebensee)<\/td><\/tr><tr><td class=\"has-text-align-left\" data-align=\"left\">Kassiere:<\/td><td class=\"has-text-align-left\" data-align=\"left\">Mag. Elisabeth Eichler&nbsp;(BG\/BRG Enns)Dir. Dipl.-Ing. Gernot Weissensteiner&nbsp;(HTL V\u00f6cklabruck)<\/td><\/tr><tr><td class=\"has-text-align-left\" data-align=\"left\">Schriftf\u00fchrer\/in<\/td><td class=\"has-text-align-left\" data-align=\"left\">Mag. Dr. Rupert Sodl&nbsp;(Bildungsdirektion O\u00d6)Mag. Werner Hittenberger (BRG Schloss Wagrain V\u00f6cklabruck)<\/td><\/tr><tr><td class=\"has-text-align-left\" data-align=\"left\">Mitglieder des<br>Vorstandes:<\/td><td class=\"has-text-align-left\" data-align=\"left\">Mag. Andrea Meiser (Georg von Peuerbach Gymnasium Linz)Mag. Dr. Gerald Haider (Ramsauer Gymnasium Linz)<\/td><\/tr><tr><td class=\"has-text-align-left\" data-align=\"left\">Rechnungspr\u00fcfer:<\/td><td class=\"has-text-align-left\" data-align=\"left\">Mag. Manfred Mollnhuber (BORG Honauerstra\u00dfe Linz)<\/td><\/tr><\/tbody><\/table><\/figure>\n\n\n\n<p>Vereinsanschrift: Otto Harmer Str. 32, 4540 Pfarrkirchen bei Bad Hall<br>Tel.: +43664 1358250<\/p>\n\n\n\n<h3 class=\"wp-block-heading\">Werde Mitglied bei der VCL!<\/h3>\n\n\n\n<p><a href=\"https:\/\/www.vcl-oe.at\/index.php?view=article&amp;id=570:mitgliedschaft&amp;catid=85:uncategorised\" data-type=\"link\" data-id=\"https:\/\/www.vcl-oe.at\/index.php?view=article&amp;id=570:mitgliedschaft&amp;catid=85:uncategorised\">Hier klicken!<\/a><\/p>\n\n\n\n<h3 class=\"wp-block-heading\">VCL-Schwerpunkte<\/h3>\n\n\n\n<p>Die VCL versucht, die Rahmenbedingungen, unter denen Unterricht und Erziehung in den Schulen abl\u00e4uft, in Richtung&nbsp;<em>Wertorientierung<\/em>,&nbsp;<em>Leistungsbereitschaft<\/em>&nbsp;und&nbsp;<em>Offenheit<\/em>&nbsp;zu beeinflussen.<\/p>\n\n\n\n<p><strong>Die VCL setzt sich ein f\u00fcr:<\/strong><\/p>\n\n\n\n<ul class=\"wp-block-list\">\n<li>das leistungsorientierte differenzierte Schulsystem<\/li>\n\n\n\n<li>den Religionsunterricht und eine christlich-orientierte Erziehung<\/li>\n\n\n\n<li>die st\u00e4ndige Qualit\u00e4tsverbesserung der AHS und BMHS<\/li>\n\n\n\n<li>die katholischen und evangelischen Privatschulen<\/li>\n\n\n\n<li>die Begabtenf\u00f6rderung<\/li>\n\n\n\n<li>die Matura als Studienvoraussetzung<\/li>\n\n\n\n<li>die F\u00f6rderung sozial benachteiligter Sch\u00fclerinnen und Sch\u00fcler<\/li>\n\n\n\n<li>die Weiterentwicklung qualit\u00e4tsvoller Lehrpl\u00e4ne<\/li>\n\n\n\n<li>die Aus- und Fortbildung der Lehrerinnen und Lehrer auf universit\u00e4rem Niveau<\/li>\n\n\n\n<li>die Verbesserung des Lehrerimages und der beruflichen Rahmenbedingungen<\/li>\n<\/ul>\n\n\n\n<p><strong>Bundes-VCL-Leitbild (Fassung vom 21. Oktober 2002)<\/strong><\/p>\n\n\n\n<p><strong>Der Mensch als Mittelpunkt der P\u00e4dagogik<\/strong><\/p>\n\n\n\n<p>Wir stellen die Sch\u00fclerinnen und Sch\u00fcler in den Mittelpunkt unserer Arbeit als Lehrerinnen und Lehrer und sehen sie als Pers\u00f6nlichkeiten mit individuellen Anlagen, Begabungen und F\u00e4higkeiten. Menschlichkeit, Leistungsorientierung und das Streben nach Chancengerechtigkeit bestimmen unseren Zugang zu den Sch\u00fclerinnen und Sch\u00fclern.<\/p>\n\n\n\n<p>Wir f\u00f6rdern die st\u00e4ndige Qualit\u00e4tsentwicklung an AHS und BMHS und ein Schulklima, das der gegenseitigen Unterst\u00fctzung und Zusammenarbeit der Schulpartner dient.<\/p>\n\n\n\n<p>Wir bieten Veranstaltungen an, die allen offen stehen, und verstehen diese als Beitr\u00e4ge zur Entwicklung selbstbewusster, leistungsf\u00e4higer und im Bereich von Unterricht, Erziehung und Schulorganisation sehr gut informierter Lehrerinnen und Lehrer.<\/p>\n\n\n\n<p><strong>Mitgestalten unserer Gesellschaft<\/strong><\/p>\n\n\n\n<p>Wir reflektieren Grundsatzfragen von Erziehung, Bildung und Unterricht auf der Basis unserer Werteorientierung.<\/p>\n\n\n\n<p>Wir setzen Initiativen in Schul- und Bildungspolitik sowie in Fragen der Erziehung und des Unterrichts. Bew\u00e4hrtes wollen wir weiterentwickeln und f\u00fcr Ver\u00e4nderungen offen sein. Deshalb nehmen wir Einfluss auf Schulreformen, auf \u00c4nderungen der Schulgesetze und auf die laufende Verbesserung der Lehrpl\u00e4ne.<\/p>\n\n\n\n<p>Wir suchen selbstst\u00e4ndig und von den politischen Parteien unabh\u00e4ngig die Zusammenarbeit mit Entscheidungstr\u00e4gerinnen und Entscheidungstr\u00e4gern in allen Parteien und Interessensvertretungen.<\/p>\n\n\n\n<p><strong>Orientierung an christlichen Werten<\/strong><\/p>\n\n\n\n<p>Wir orientieren uns an der christlichen Weltanschauung. Dabei legen wir besonderen Wert auf Ehrlichkeit, soziale Verantwortung, Offenheit und Toleranz.<\/p>\n\n\n\n<p>Wir f\u00f6rdern eine christlich orientierte Erziehung und fordern die Ber\u00fccksichtigung der weltanschaulich-ethischen Bildungsdimension im Unterricht f\u00fcr alle Sch\u00fclerinnen und Sch\u00fcler.<\/p>\n\n\n\n<p>Wir stehen als selbstst\u00e4ndige und von den kirchlichen Hierarchien unabh\u00e4ngige Vereinigung allen offen, die sich zu christlichen Werten bekennen.<\/p>\n\n\n\n<p><strong>Unterst\u00fctzung der Lehrerinnen und Lehrer<\/strong><\/p>\n\n\n\n<p>Wir vermitteln durch unsere Zeitung VCL-News und unsere Homepage Informationen aus erster Hand. Unsere Veranstaltungen und Enqueten erm\u00f6glichen den Gedankenaustausch und das Erleben von Gemeinschaft und Solidarit\u00e4t.<\/p>\n\n\n\n<p>Wir bieten Fortbildung f\u00fcr Lehrerinnen und Lehrer, um ihre pers\u00f6nliche und berufliche Weiterentwicklung zu unterst\u00fctzen.<\/p>\n\n\n\n<p>Wir f\u00f6rdern die Identifikation von Lehrerinnen und Lehrern mit ihrem Beruf und arbeiten gezielt f\u00fcr ein positives Lehrerimage in der \u00d6ffentlichkeit.<\/p>\n","protected":false},"excerpt":{"rendered":"<p>Vorstand: Obmann: Mag. Dr. Bernd Langensteiner, MEd&nbsp;(Bildungsdirektion O\u00d6) Stellvertreter: Mag. Markus Leitner (BG\/BRG Ried)Mag. Claudia Gaigg&nbsp;(HLA f\u00fcr Mode Ebensee) Kassiere:<\/p>\n","protected":false},"author":1,"featured_media":0,"parent":0,"menu_order":0,"comment_status":"closed","ping_status":"closed","template":"","meta":{"footnotes":""},"class_list":["post-74","page","type-page","status-publish","hentry"],"_links":{"self":[{"href":"http:\/\/ooe.hansadam.at\/index.php\/wp-json\/wp\/v2\/pages\/74","targetHints":{"allow":["GET"]}}],"collection":[{"href":"http:\/\/ooe.hansadam.at\/index.php\/wp-json\/wp\/v2\/pages"}],"about":[{"href":"http:\/\/ooe.hansadam.at\/index.php\/wp-json\/wp\/v2\/types\/page"}],"author":[{"embeddable":true,"href":"http:\/\/ooe.hansadam.at\/index.php\/wp-json\/wp\/v2\/users\/1"}],"replies":[{"embeddable":true,"href":"http:\/\/ooe.hansadam.at\/index.php\/wp-json\/wp\/v2\/comments?post=74"}],"version-history":[{"count":4,"href":"http:\/\/ooe.hansadam.at\/index.php\/wp-json\/wp\/v2\/pages\/74\/revisions"}],"predecessor-version":[{"id":80,"href":"http:\/\/ooe.hansadam.at\/index.php\/wp-json\/wp\/v2\/pages\/74\/revisions\/80"}],"wp:attachment":[{"href":"http:\/\/ooe.hansadam.at\/index.php\/wp-json\/wp\/v2\/media?parent=74"}],"curies":[{"name":"wp","href":"https:\/\/api.w.org\/{rel}","templated":true}]}}